se 5, what is 232202 + -324?
231323
In base 7, what is -1 + 40534342?
40534341
In base 3, what is 100121202211 + -2011?
100121200200
In base 8, what is -120253613 - -1?
-120253612
In base 7, what is 1400 + -34562?
-33162
In base 8, what is 21716 - -1537?
23455
In base 7, what is -1620 - -356556?
354636
In base 6, what is -30 + 351314001?
351313531
In base 10, what is -597 - -97252?
96655
In base 14, what is 94 - 40c62?
-40bac
In base 3, what is -12220111022 + -1212?
-12220120011
In base 14, what is -220b84 + -a?
-220b90
In base 9, what is 108042000 + -6?
108041883
In base 3, what is -11 - -1012122102200101?
1012122102200020
In base 5, what is 2131140 + 24031?
2210221
In base 3, what is 0 - -1022020011101211?
1022020011101211
In base 14, what is 8 - -397068?
397072
In base 2, what is 11101111101101111110 + -101001?
11101111101101010101
In base 4, what is -3 + -3113230010003?
-3113230010012
In base 15, what is 32 - -a8b28?
a8b5a
In base 12, what is 203 - -64530?
64733
In base 4, what is -2221103112210 + -101?
-2221103112311
In base 11, what is 2006083 - 11?
2006072
In base 8, what is -545077504 + -3?
-545077507
In base 2, what is 11 - 111000000100100100001111100?
-111000000100100100001111001
In base 10, what is -156 - -2864491?
2864335
In base 3, what is -2022 - 11121111101201?
-11121111111000
In base 11, what is 1 - 23610087?
-23610086
In base 6, what is 115513452 + 40?
115513532
In base 6, what is -3 - -3431330523?
3431330520
In base 12, what is 1081 + 1593?
2654
In base 2, what is -11001101 + -1010111110111111010?
-1010111111011000111
In base 7, what is -10554304 - 2?
-10554306
In base 15, what is 5ced7 - 5?
5ced2
In base 14, what is 339b47d - -2?
339b481
In base 8, what is -1373145 + -30?
-1373175
In base 7, what is -16430 + 5015?
-11412
In base 6, what is -100 - -223243402?
223243302
In base 16, what is -e + 125f44a?
125f43c
In base 6, what is -544224 - -3402?
-540422
In base 11, what is 833 - -5769?
64a1
In base 3, what is 1111102112221000 + 120?
1111102112221120
In base 12, what is -7 - 42534b?
-425356
In base 7, what is -22024245 - 205?
-22024453
In base 12, what is -13 + 8342220?
8342209
In base 11, what is -34 - 36a4100?
-36a4134
In base 2, what is -10101111101 - -1011011110011100?
1011001000011111
In base 6, what is 2553342 - -52?
2553434
In base 8, what is 366 + -240651?
-240263
In base 14, what is -10 - 336460?
-336470
In base 3, what is -1102 - -2122000112?
2121222010
In base 5, what is -442 + 3123040403?
3123034411
In base 9, what is 154 + -331403?
-331238
In base 4, what is -1032332132123 - -2?
-1032332132121
In base 11, what is 399883 - -5?
399888
In base 10, what is 46040491 + 1?
46040492
In base 3, what is 11021201011 - 21000202?
11000200102
In base 2, what is 10001011110101000110111 - 1000?
10001011110101000101111
In base 16, what is -162dd6c + 5?
-162dd67
In base 9, what is 714 - 74524?
-73710
In base 2, what is 111011111100011010101111 - -1?
111011111100011010110000
In base 2, what is 101000100111011000 - 1010010?
101000100110000110
In base 2, what is 11011100011001 - -1010111000?
11100111010001
In base 16, what is 4980 + -469?
4517
In base 9, what is 6541 + -35621?
-28070
In base 9, what is 104 + -21202750?
-21202645
In base 6, what is 1043034044 - 142?
1043033502
In base 16, what is 4cd - 1b9e0?
-1b513
In base 4, what is 13322302 - 30122?
13232120
In base 2, what is -100 - -101100001110000110101110000?
101100001110000110101101100
In base 5, what is -1331400140 + -23?
-1331400213
In base 10, what is -135154 - 7585?
-142739
In base 8, what is 2 - 10430765?
-10430763
In base 5, what is 202322 - 2430222?
-2222400
In base 13, what is -323314b + 3?
-3233148
In base 3, what is -21112221 - 1121210010?
-1220100001
In base 4, what is 3 + 111302220122?
111302220131
In base 4, what is 11222113 + -22000?
11200113
In base 4, what is -231133131 - -3031?
-231130100
In base 2, what is -100001110001001110110110111 - -101?
-100001110001001110110110010
In base 15, what is -39 + 1e8d62?
1e8d28
In base 12, what is 5 + -9a09487?
-9a09482
In base 6, what is 23 + 15133232?
15133255
In base 7, what is -1 - 505564601?
-505564602
In base 3, what is -10 + -102021022200002?
-102021022200012
In base 16, what is -56 + 628c?
6236
In base 11, what is -14810458 - 7?
-14810464
In base 3, what is 1112 + 20101210212?
20101212101
In base 12, what is 218 - -9285?
94a1
In base 15, what is 2b - -b4d3?
b50e
In base 15, what is -225038 + -9?
-225042
In base 12, what is -78a + -b31?
-16bb
In base 11, what is 4 - 1413150?
-1413147
In base 8, what is -2047 + -4306375?
-4310444
In base 4, what is 33 + 30130222202?
30130222301
In base 12, what is 2a90834 + -4?
2a90830
In base 2, what is -11110110001100111 + 110110100?
-11110101010110011
In base 10, what is -12 - -158051?
158039
In base 9, what is 3430 - 22540?
-18110
In base 10, what is -4 + -16529665?
-16529669
In base 15, what is -23c91 - -3d?
-23c53
In base 7, what is 5435 - 151243?
-142505
In base 7, what is 3466420 - 6?
3466411
In base 16, what is -d34c5 + 10?
-d34b5
In base 13, what is 0 + 100b883?
100b883
In base 13, what is -535ba4c + -1b?
-535ba6a
In base 8, what is 451036 + 47?
451105
In base 12, what is -316655 + -1a?
-316673
In base 3, what is -221102 - 22122020?
-100120122
In base 13, what is -65 - 3bab6b?
-3bac03
In base 16, what is -51 + -5ed97?
-5ede8
In base 6, what is 320 - -131454250?
131455010
In base 2, what is -10000101111111101111100 + 1?
-10000101111111101111011
In base 8, what is 1 + 5722240?
5722241
In base 7, what is -142214 + -2253?
-144500
In base 7, what is 6052200 - -125?
6052325
In base 14, what is 3b1 - -7163?
7534
In base 5, what is -2101 + -23120141?
-23122242
In base 3, what is 10002212 - 2010210?
222002
In base 8, what is -7016565 - 41?
-7016626
In base 16, what is 9019 + 3897?
c8b0
In base 9, what is 27040035 + -22?
27040013
In base 3, what is -210200 + -1111000011?
-1111210211
In base 13, what is 8510 - -1091b?
1912b
In base 9, what is 3 - -52524248?
52524252
In base 3, what is 2100 + -100121211002?
-100121201202
In base 16, what is 4 + -27c393?
-27c38f
In base 4, what is 3313212013 - -21?
3313212100
In base 10, what is -7 + -1025582?
-1025589
In base 6, what is 2334032430 - 24?
2334032402
In base 13, what is bcbb33c + -3?
bcbb339
In base 4, what is 1031332122 + -1022?
1031331100
In base 16, what is -1e - -927817?
9277f9
In base 6, what is 1 - 11402445543?
-11402445542
In base 15, what is -3b91eb0 + -3?
-3b91eb3
In base 4, what is -311213102 - -12?
-311213030
In base 13, what is -29117a2 - 1b?
-29117c0
In base 5, what is 10120 - -3114420?
3130040
In base 3, what is 120202111201120212 + 0?
120202111201120212
In base 16, what is -313c + 86?
-30b6
In base 4, what is 3232 + -2220122?
-2210230
In base 16, what is -3 + -2da4c5?
-2da4c8
In base 12, what is -23015 + 2334?
-208a1
In base 5, what is 14040234031 - 0?
14040234031
In base 8, what is 177335427 + -1?
177335426
In base 9, what is -52450 + -58?
-52518
In base 15, what is 135 - -d2d01?
d2e36
In base 7, what is 1565263234 - 12?
1565263222
In base 15, what is 31991b71 - 1?
31991b70
In base 9, what is -1353312 - -5?
-1353306
In base 10, what is 62005 - -1630?
63635
In base 5, what is 2212101410 - -11?
2212101421
In base 8, what is -104204 - -40?
-104144
In base 15, what is -2039d + b4?
-202d9
In base 11, what is a - -3131097?
31310a6
In base 12, what is 6510 - -106?
6616
In base 7, what is 120010 - 662?
116015
In base 10, what is -6 - -74064?
74058
In base 9, what is 167760 - -147?
168017
In base 2, what is -1101011100000010 - -111?
-1101011011111011
In base 7, what is 100363010 - -132?
100363142
In base 14, what is 15 - -7dc219?
7dc230
In base 16, what is -22 - 4b25?
-4b47
In base 8, what is -3 + 65651731?
65651726
In base 8, what is -2415 + 15764?
13347
In base 12, what is 2 - -19859503?
19859505
In base 6, what is -5 + -121204134?
-121204143
In base 13, what is 28aa89 + -4a?
28aa3c
In base 14, what is -80 + 130c5?
13045
In base 8, what is -156 + 172727?
172551
In base 5, what is 120402302 + 4?
120402311
In base 8, what is -631740 + -41?
-632001
In base 16, what is 82e + 10a7d?
112ab
In base 13, what is 14b + 2196?
2314
In base 11, what is 37 + 173a1a?
173a56
In base 8, what is -231110613 - 3?
-231110616
In base 12, what is 41 -